{"id":805,"date":"2025-06-13T10:51:58","date_gmt":"2025-06-13T08:51:58","guid":{"rendered":"https:\/\/aradon.es\/legal-notice\/"},"modified":"2025-06-17T07:25:52","modified_gmt":"2025-06-17T05:25:52","slug":"legal-notice","status":"publish","type":"page","link":"https:\/\/aradon.es\/en\/legal-notice\/","title":{"rendered":"Legal Notice"},"content":{"rendered":"\r\n<p><strong>INFORMACI\u00d3N AL USUARIO<\/strong><\/p>\r\n<p><span data-teams=\"true\"><strong>VINICOLA RIOJANA DE ALCANADRE, S.COOP<\/strong><\/span>, como Responsable del Tratamiento, informa que, en conformidad con el Reglamento (UE) 2016\/679, de 27 de abril, (RGPD) y la Ley Org\u00e1nica 3\/2018, de 5 de diciembre, de Protecci\u00f3n de Datos Personales y garant\u00eda de los derechos digitales (LOPDGDD), trataremos sus datos personales conforme a lo establecido en esta Pol\u00edtica de Privacidad.<\/p>\r\n<p>En esta Pol\u00edtica de Privacidad explicamos c\u00f3mo recopilamos sus datos personales, el motivo de dicha recopilaci\u00f3n, c\u00f3mo los utilizamos, con qui\u00e9n los compartimos, c\u00f3mo los protegemos y sus opciones respecto al tratamiento de sus datos personales.<\/p>\r\n<p>Esta Pol\u00edtica se aplica al tratamiento de sus datos personales recogidos por la empresa para la prestaci\u00f3n de sus servicios. Al aceptar las medidas de esta Pol\u00edtica, usted consiente el tratamiento de sus datos personales seg\u00fan se define aqu\u00ed.<\/p>\r\n<p><strong>CONTACTO<\/strong><\/p>\r\n<p><span data-teams=\"true\">\u00b7 Denominaci\u00f3n social: <strong>VINICOLA RIOJANA DE ALCANADRE, S.COOP<\/strong><\/span><\/p>\r\n<p>\u00b7 Nombre comercial: <strong>Bodegas Arad\u00f3n<\/strong><\/p>\r\n<p>\u00b7 CIF: F26006940<\/p>\r\n<p>\u00b7 Domicilio: Calle San Isidro, 46 26509 \u00b7 Alcanadre \u00b7 La Rioja<\/p>\r\n<p>\u00b7 Correo electr\u00f3nico: enotienda@aradon.es<\/p>\r\n<p><strong>PRINCIPIOS CLAVE<\/strong><\/p>\r\n<p>Nos comprometemos a prestar nuestros servicios con el m\u00e1ximo nivel de calidad, lo que incluye el tratamiento de sus datos con seguridad y transparencia. Nuestros principios son:<\/p>\r\n<p>1. Legalidad: Solo recopilamos sus datos personales para fines espec\u00edficos, expl\u00edcitos y leg\u00edtimos.<\/p>\r\n<p>2. Minimizaci\u00f3n de datos: Limitamos la recopilaci\u00f3n de datos personales a lo estrictamente necesario para los fines establecidos.<\/p>\r\n<p>3. Limitaci\u00f3n de la finalidad: Solo recopilamos sus datos personales para los fines declarados y conforme a sus deseos.<\/p>\r\n<p>4. Precisi\u00f3n: Mantenemos sus datos personales exactos y actualizados.<\/p>\r\n<p>5. Seguridad de los datos: Aplicamos las medidas t\u00e9cnicas y organizativas adecuadas para proteger sus datos de cualquier forma de tratamiento no autorizado o il\u00edcito.<\/p>\r\n<p>6. Acceso y rectificaci\u00f3n: Facilitamos el acceso y la rectificaci\u00f3n de sus datos personales cuando lo solicite.<\/p>\r\n<p>7. Conservaci\u00f3n: Conservamos sus datos personales solo durante el tiempo necesario para los fines para los que se han recopilado.<\/p>\r\n<p>8. Transferencias internacionales: Protegemos adecuadamente sus datos personales en caso de transferencias fuera de la UE\/EEE.<\/p>\r\n<p>9. Terceros: El acceso y la transferencia de datos personales a terceros se realizan conforme a la legislaci\u00f3n aplicable y con las garant\u00edas adecuadas.<\/p>\r\n<p>10. Marketing directo y cookies: Cumplimos con la legislaci\u00f3n aplicable en materia de publicidad y cookies.<\/p>\r\n<p><strong>RECOGIDA Y TRATAMIENTO DE SUS DATOS PERSONALES<\/strong><\/p>\r\n<p>Los tipos de datos que podemos solicitar y tratar incluyen:<\/p>\r\n<p>\u00b7 Datos de car\u00e1cter identificativo.<\/p>\r\n<p>Tambi\u00e9n recopilamos autom\u00e1ticamente datos sobre su visita a nuestro sitio web, seg\u00fan se describe en la pol\u00edtica de cookies.<\/p>\r\n<p>Siempre le informaremos claramente sobre qu\u00e9 datos personales recogemos y con qu\u00e9 prop\u00f3sito. En general, recopilamos y tratamos sus datos personales para:<\/p>\r\n<p>\u00b7 Proporcionar informaci\u00f3n, servicios, productos, noticias y actualizaciones relevantes.<\/p>\r\n<p>\u00b7 Enviar comunicaciones.<\/p>\r\n<p><strong>LEGITIMIDAD<\/strong><\/p>\r\n<p>Seg\u00fan la normativa de protecci\u00f3n de datos aplicable, sus datos personales podr\u00e1n ser tratados siempre que:<\/p>\r\n<p>\u00b7 Usted haya dado su consentimiento para el tratamiento, pudiendo retirarlo en cualquier momento.<\/p>\r\n<p>\u00b7 Sea necesario por cumplimiento de una obligaci\u00f3n legal.<\/p>\r\n<p>\u00b7 Exista un inter\u00e9s leg\u00edtimo que no prevalezca sobre sus derechos de privacidad, como el env\u00edo de informaci\u00f3n comercial o por su condici\u00f3n de cliente.<\/p>\r\n<p>\u00b7 Sea necesario para la prestaci\u00f3n de nuestros servicios mediante relaci\u00f3n contractual.<\/p>\r\n<p><strong>COMUNICACI\u00d3N DE DATOS PERSONALES<\/strong><\/p>\r\n<p>Los datos pueden ser comunicados a empresas relacionadas con\u00a0<strong>Fisio Mar<\/strong>\u00a0para la prestaci\u00f3n de servicios en calidad de Encargados del Tratamiento. No realizaremos ninguna cesi\u00f3n de datos sin su consentimiento, salvo por obligaci\u00f3n legal.<\/p>\r\n<p><strong>SUS DERECHOS<\/strong><\/p>\r\n<p>En relaci\u00f3n con la recogida y tratamiento de sus datos personales, puede ponerse en contacto con nosotros en cualquier momento para:<\/p>\r\n<p>\u00b7 Acceder a sus datos personales y obtener cualquier informaci\u00f3n adicional seg\u00fan el Art\u00edculo 15.1 del RGPD.<\/p>\r\n<p>\u00b7 Rectificar sus datos personales inexactos o incompletos conforme al Art\u00edculo 16 del RGPD.<\/p>\r\n<p>\u00b7 Solicitar la supresi\u00f3n de sus datos personales seg\u00fan el Art\u00edculo 17 del RGPD.<\/p>\r\n<p>\u00b7 Limitar el tratamiento de sus datos personales conforme al Art\u00edculo 18 del RGPD.<\/p>\r\n<p>\u00b7 Solicitar la portabilidad de sus datos conforme al Art\u00edculo 20 del RGPD.<\/p>\r\n<p>\u00b7 Oponerse al tratamiento de sus datos personales seg\u00fan el art\u00edculo 21 del RGPD.<\/p>\r\n<p>Si ha otorgado su consentimiento para un prop\u00f3sito espec\u00edfico, tiene derecho a retirarlo en cualquier momento, sin que ello afecte a la legalidad del tratamiento basado en el consentimiento previo a su retirada.<\/p>\r\n<p>Puede ejercer estos derechos enviando una solicitud motivada y acompa\u00f1ada de una prueba de identidad a slarrainzar@reyvena.com.<\/p>\r\n<p>Tambi\u00e9n tiene derecho a presentar una reclamaci\u00f3n ante la Autoridad de control competente (www.aepd.es) si considera que el tratamiento no se ajusta a la normativa vigente.<\/p>\r\n<p><strong>INFORMACI\u00d3N LEGAL<\/strong><\/p>\r\n<p>Los requisitos de esta Pol\u00edtica complementan, y no reemplazan, cualquier otro requisito existente bajo la ley de protecci\u00f3n de datos aplicable, que prevalecer\u00e1 en cualquier caso.<\/p>\r\n<p>Esta Pol\u00edtica est\u00e1 sujeta a revisiones peri\u00f3dicas y la empresa puede modificarla en cualquier momento. Cuando esto ocurra, le notificaremos de cualquier cambio y le pediremos que revise la versi\u00f3n m\u00e1s reciente de nuestra Pol\u00edtica y confirme su aceptaci\u00f3n.<\/p>\r\n","protected":false},"excerpt":{"rendered":"<p>INFORMACI\u00d3N AL USUARIO VINICOLA RIOJANA DE ALCANADRE, S.COOP, como Responsable del Tratamiento, informa que, en conformidad con el Reglamento (UE) 2016\/679, de 27 de abril, (RGPD)<span class=\"excerpt-hellip\"> [\u2026]<\/span><\/p>\n","protected":false},"author":3,"featured_media":0,"parent":0,"menu_order":0,"comment_status":"open","ping_status":"open","template":"","meta":{"_joinchat":[],"footnotes":""},"class_list":["post-805","page","type-page","status-publish","hentry"],"_links":{"self":[{"href":"https:\/\/aradon.es\/en\/wp-json\/wp\/v2\/pages\/805","targetHints":{"allow":["GET"]}}],"collection":[{"href":"https:\/\/aradon.es\/en\/wp-json\/wp\/v2\/pages"}],"about":[{"href":"https:\/\/aradon.es\/en\/wp-json\/wp\/v2\/types\/page"}],"author":[{"embeddable":true,"href":"https:\/\/aradon.es\/en\/wp-json\/wp\/v2\/users\/3"}],"replies":[{"embeddable":true,"href":"https:\/\/aradon.es\/en\/wp-json\/wp\/v2\/comments?post=805"}],"version-history":[{"count":1,"href":"https:\/\/aradon.es\/en\/wp-json\/wp\/v2\/pages\/805\/revisions"}],"predecessor-version":[{"id":807,"href":"https:\/\/aradon.es\/en\/wp-json\/wp\/v2\/pages\/805\/revisions\/807"}],"wp:attachment":[{"href":"https:\/\/aradon.es\/en\/wp-json\/wp\/v2\/media?parent=805"}],"curies":[{"name":"wp","href":"https:\/\/api.w.org\/{rel}","templated":true}]}}

<p><strong>INFORMACIÓN AL USUARIO</strong></p>
<p><span data-teams="true"><strong>VINICOLA RIOJANA DE ALCANADRE, S.COOP</strong></span>, como Responsable del Tratamiento, informa que, en conformidad con el Reglamento (UE) 2016/679, de 27 de abril, (RGPD) y la Ley Orgánica 3/2018, de 5 de diciembre, de Protección de Datos Personales y garantía de los derechos digitales (LOPDGDD), trataremos sus datos personales conforme a lo establecido en esta Política de Privacidad.</p>
<p>En esta Política de Privacidad explicamos cómo recopilamos sus datos personales, el motivo de dicha recopilación, cómo los utilizamos, con quién los compartimos, cómo los protegemos y sus opciones respecto al tratamiento de sus datos personales.</p>
<p>Esta Política se aplica al tratamiento de sus datos personales recogidos por la empresa para la prestación de sus servicios. Al aceptar las medidas de esta Política, usted consiente el tratamiento de sus datos personales según se define aquí.</p>
<p><strong>CONTACTO</strong></p>
<p><span data-teams="true">· Denominación social: <strong>VINICOLA RIOJANA DE ALCANADRE, S.COOP</strong></span></p>
<p>· Nombre comercial: <strong>Bodegas Aradón</strong></p>
<p>· CIF: F26006940</p>
<p>· Domicilio: Calle San Isidro, 46 26509 · Alcanadre · La Rioja</p>
<p>· Correo electrónico: enotienda@aradon.es</p>
<p><strong>PRINCIPIOS CLAVE</strong></p>
<p>Nos comprometemos a prestar nuestros servicios con el máximo nivel de calidad, lo que incluye el tratamiento de sus datos con seguridad y transparencia. Nuestros principios son:</p>
<p>1. Legalidad: Solo recopilamos sus datos personales para fines específicos, explícitos y legítimos.</p>
<p>2. Minimización de datos: Limitamos la recopilación de datos personales a lo estrictamente necesario para los fines establecidos.</p>
<p>3. Limitación de la finalidad: Solo recopilamos sus datos personales para los fines declarados y conforme a sus deseos.</p>
<p>4. Precisión: Mantenemos sus datos personales exactos y actualizados.</p>
<p>5. Seguridad de los datos: Aplicamos las medidas técnicas y organizativas adecuadas para proteger sus datos de cualquier forma de tratamiento no autorizado o ilícito.</p>
<p>6. Acceso y rectificación: Facilitamos el acceso y la rectificación de sus datos personales cuando lo solicite.</p>
<p>7. Conservación: Conservamos sus datos personales solo durante el tiempo necesario para los fines para los que se han recopilado.</p>
<p>8. Transferencias internacionales: Protegemos adecuadamente sus datos personales en caso de transferencias fuera de la UE/EEE.</p>
<p>9. Terceros: El acceso y la transferencia de datos personales a terceros se realizan conforme a la legislación aplicable y con las garantías adecuadas.</p>
<p>10. Marketing directo y cookies: Cumplimos con la legislación aplicable en materia de publicidad y cookies.</p>
<p><strong>RECOGIDA Y TRATAMIENTO DE SUS DATOS PERSONALES</strong></p>
<p>Los tipos de datos que podemos solicitar y tratar incluyen:</p>
<p>· Datos de carácter identificativo.</p>
<p>También recopilamos automáticamente datos sobre su visita a nuestro sitio web, según se describe en la política de cookies.</p>
<p>Siempre le informaremos claramente sobre qué datos personales recogemos y con qué propósito. En general, recopilamos y tratamos sus datos personales para:</p>
<p>· Proporcionar información, servicios, productos, noticias y actualizaciones relevantes.</p>
<p>· Enviar comunicaciones.</p>
<p><strong>LEGITIMIDAD</strong></p>
<p>Según la normativa de protección de datos aplicable, sus datos personales podrán ser tratados siempre que:</p>
<p>· Usted haya dado su consentimiento para el tratamiento, pudiendo retirarlo en cualquier momento.</p>
<p>· Sea necesario por cumplimiento de una obligación legal.</p>
<p>· Exista un interés legítimo que no prevalezca sobre sus derechos de privacidad, como el envío de información comercial o por su condición de cliente.</p>
<p>· Sea necesario para la prestación de nuestros servicios mediante relación contractual.</p>
<p><strong>COMUNICACIÓN DE DATOS PERSONALES</strong></p>
<p>Los datos pueden ser comunicados a empresas relacionadas con <strong>Fisio Mar</strong> para la prestación de servicios en calidad de Encargados del Tratamiento. No realizaremos ninguna cesión de datos sin su consentimiento, salvo por obligación legal.</p>
<p><strong>SUS DERECHOS</strong></p>
<p>En relación con la recogida y tratamiento de sus datos personales, puede ponerse en contacto con nosotros en cualquier momento para:</p>
<p>· Acceder a sus datos personales y obtener cualquier información adicional según el Artículo 15.1 del RGPD.</p>
<p>· Rectificar sus datos personales inexactos o incompletos conforme al Artículo 16 del RGPD.</p>
<p>· Solicitar la supresión de sus datos personales según el Artículo 17 del RGPD.</p>
<p>· Limitar el tratamiento de sus datos personales conforme al Artículo 18 del RGPD.</p>
<p>· Solicitar la portabilidad de sus datos conforme al Artículo 20 del RGPD.</p>
<p>· Oponerse al tratamiento de sus datos personales según el artículo 21 del RGPD.</p>
<p>Si ha otorgado su consentimiento para un propósito específico, tiene derecho a retirarlo en cualquier momento, sin que ello afecte a la legalidad del tratamiento basado en el consentimiento previo a su retirada.</p>
<p>Puede ejercer estos derechos enviando una solicitud motivada y acompañada de una prueba de identidad a slarrainzar@reyvena.com.</p>
<p>También tiene derecho a presentar una reclamación ante la Autoridad de control competente (www.aepd.es) si considera que el tratamiento no se ajusta a la normativa vigente.</p>
<p><strong>INFORMACIÓN LEGAL</strong></p>
<p>Los requisitos de esta Política complementan, y no reemplazan, cualquier otro requisito existente bajo la ley de protección de datos aplicable, que prevalecerá en cualquier caso.</p>
<p>Esta Política está sujeta a revisiones periódicas y la empresa puede modificarla en cualquier momento. Cuando esto ocurra, le notificaremos de cualquier cambio y le pediremos que revise la versión más reciente de nuestra Política y confirme su aceptación.</p>

<p>INFORMACIÓN AL USUARIO VINICOLA RIOJANA DE ALCANADRE, S.COOP, como Responsable del Tratamiento, informa que, en conformidad con el Reglamento (UE) 2016/679, de 27 de abril, (RGPD)<span class="excerpt-hellip"> […]</span></p>
